be ((-1)/2)/(-11 - (-397)/36 - 6/(-27)). What is o(r)?
4
Let v(n) = 30*n + 1. Let y be 1*-1*(-78)/(-13). Let b be -1 + -9*-3*(-2)/y. Suppose a = 7 - b. What is v(a)?
-29
Let c(v) = -13 + 6*v - 514*v**3 + 1544*v**3 - 510*v**3 + 29*v**2 - 516*v**3. What is c(-7)?
-6
Let s(h) = -16*h**2 + h. Suppose 73*x + 210 = 88*x. Let b be 7/x*(-4 - -5)*-2. What is s(b)?
-17
Let b(l) be the third derivative of l**4/24 + l**3/2 - 6*l**2. Let n = 403 - 411. Calculate b(n).
-5
Let d = 569 + -551. Let z(k) = -k**3 + 21*k**2 - 54*k - 5. Let n be z(d). Let y(s) = s**2 + 2*s - 10. Give y(n).
5
Let t(s) = 5*s + 56. Let d be t(-10). Let h(y) = 7*y - 10 - 6*y - d + 4*y - 2. Determine h(6).
12
Let j(i) = i**2 - 2*i + 2. Let u(z) = 3*z**2 + 9*z. Let s(g) = 2*j(g) + u(g). Calculate s(-2).
14
Let r(g) = -16*g**2 - 5*g - 3. Let i = 13218 - 13219. Calculate r(i).
-14
Let l(r) = r**3 + r**2 + r. Let b(y) = 3*y**3 + 6*y**2 + 3*y + 1. Let q(u) = b(u) - 2*l(u). Let m be q(-3). Suppose -37 = -5*v - m. Let o(p) = -p. What is o(v)?
-6
Let v(x) = -9*x - 38. Let b(t) = -t**2 - 8*t - 28. Let s(g) = 4*b(g) - 3*v(g). What is s(3)?
-49
Let m(x) be the first derivative of x**3/3 + 3*x**2/2 + 60*x + 1699. Determine m(0).
60
Let l(t) be the second derivative of -t**6/120 + t**5/15 - t**4/6 + 7*t**3/6 - 167*t**2/2 - 150*t. Let b(f) be the first derivative of l(f). What is b(3)?
4
Let j(a) be the third derivative of 3/8*a**4 - 15*a**2 - 1/6*a**3 + 0 + 2*a. Calculate j(2).
17
Let b(u) = 3*u - 1 - 4*u + 0. Let k(f) = -f**3 - 75*f**2 + 1671*f - 285. Let d be k(-93). Determine b(d).
5
Let f(s) = -s**2 - 12*s + 19. Let a(b) = -69*b - 118. Let c be a(-2). Let i be (((-360)/(-27))/c)/((-4)/78). Give f(i).
6
Suppose -4*l - 19 = -k, -43 = -2*k - 2*k + 5*l. Let r(o) be the second derivative of o**5/20 - 7*o**4/12 - 3*o**2 + 144*o + 6. Give r(k).
-6
Let p(x) = 7*x + 38. Let t be p(-6). Let n(a) = 3*a**3 - 10*a**2 + a - 2. Let f(w) = w**3 - w**2 + w. Let b(q) = t*f(q) + n(q). What is b(-4)?
-22
Let a = -1948 + 1942. Let k(y) = y**2 + 12*y + 26. Give k(a).
-10
Let q(b) = -10*b**2 + b - 1. Let d be (-56)/9 + (220/90)/11. Let a be (-16)/((-24)/d) - (1 - 6). Give q(a).
-10
Let r be 1 + 1 + 0/((-10)/2). Suppose -3*w = -2*z - 19, -3*w - r*w - 4*z = -39. Let m(x) = x**2 - 6*x - 10. Give m(w).
-3
Let l(m) be the third derivative of m**5/30 - 5*m**4/12 + 5*m**3/3 + 10*m**2 - 11*m. Determine l(4).
2
Let n(x) = 15 + 2*x - x + 3*x - 133 - 21. Calculate n(35).
1
Let q(i) = i**3 - 101 + 238 + 23*i**2 - 27*i - 104 - 84. Give q(-24).
21
Let i(w) be the second derivative of -w**5/20 - 13*w**4/12 - w**3/2 + 3*w**2/2 + 2*w + 16. Give i(-13).
42
Suppose -237*a = -234*a + 33. Let w(i) = -13*i**2 + 20*i. Let x(o) = 7*o**2 - 11*o. Let u(n) = a*x(n) - 6*w(n). Calculate u(-1).
0
Let x(g) be the first derivative of 13*g**2/2 - 9*g - 50. Let j(o) = -15*o + 10. Let r(n) = -6*j(n) - 7*x(n). Determine r(9).
-6
Let o(v) be the second derivative of -v**4/12 - 11*v**3/2 - 95*v**2/2 + 3360*v. What is o(-30)?
-5
Let y(x) = -2*x - 2. Suppose -474 = 6*p - 9*p. Suppose f + f = -p. Let s = f - -75. Calculate y(s).
6
Let o(z) = 3*z**2 + 13*z - 22. Let p(w) = -4. Let q(f) = o(f) - 6*p(f). Give q(-4).
-2
Let g(c) = 109*c**2 + 2*c + 3*c - 108*c**2. Suppose -x = -3*q + 1, x + 25 = 3*q - 6*q. Let h = x + 7. What is g(h)?
6
Let m be -42*3/7*-2. Suppose -3*i + p - 22 = 0, 0 = 5*i - 3*p + p + m. Let f = 5 + i. Let o(h) = -h**3 - 2*h**2 + h. Calculate o(f).
6
Let h(b) = 0 - 158*b**2 + 159*b**2 - 21*b - 20 - 17. Calculate h(-2).
9
Let g(v) = -5*v**2 - 98*v - 57. Let q = -344 + 325. Give g(q).
0
Let x(h) = -2*h**3 - 7*h**2 + 3*h - 4. Suppose 3*u + 20 = 4*p + 30, 3*u = -6. What is x(p)?
0
Let n be (-63)/(-4) - 1/(-8)*2. Let z(i) = -i**3 + 7*i**2 - 6*i + 1. Let c be z(6). Let u(g) = 18*g**2 + c - 2*g + g - n*g**2. What is u(2)?
7
Let h(r) = -r. Let w(k) = -8*k + 6. Let q(m) = -6*h(m) + w(m). Suppose -2*o = -2*y - 12, -3*o + 17*y = 16*y - 18. Determine q(o).
-6
Suppose 7*k = 3*h + 3*k + 1, -h + 2*k - 3 = 0. Let o(r) = 2*r**2 - 6*r - 25. Let g be o(h). Let u(i) = -i**3 - 4*i**2 + 6*i + 4. Give u(g).
-1
Let v(s) = -s**2 - 14*s - 32. Suppose 0 = -12*z + 43967 - 44099. Give v(z).
1
Let u(o) = o + 6. Let x(r) = 22*r + 3 + 6 - 49*r + 29*r. Let s(l) = -8*u(l) + 5*x(l). Give s(5).
7
Let j(i) = 4*i**2 - i + 10. Let c(o) = -4*o**2 - 11. Let d(s) = -4*c(s) - 5*j(s). Let a(z) = -9*z**2 + 11*z - 13. Let n(y) = 3*a(y) - 7*d(y). Calculate n(-3).
18
Let w(l) be the second derivative of 19/12*l**4 + 0 + 1/2*l**2 + 5*l - 1/6*l**3. Determine w(-1).
21
Suppose 0 = 10*x - 13*x - 18. Let c(d) = -15*d + 46*d - d**2 - 35*d. Give c(x).
-12
Let k = -15 - -35. Suppose 5*a + 5*s - k = -0*a, 4*s + 8 = 0. Let v(m) be the third derivative of -m**5/60 + 7*m**4/24 + 4*m**3/3 - m**2. Give v(a).
14
Suppose 2*o = -m - 16, -o + 57 = 4*m + 93. Let i(h) = h**2 + 3*h + 19. What is i(m)?
59
Let d(k) = -113*k**2 + k + 2. Let l be 1 - -9 - (-1 - (-8 - -2)) - 6. Give d(l).
-112
Suppose 4*l - 22 = 2*q, -2*l - 8 = -2*q - 22. Let a be 25/(-6) - q/18. Let f(u) = -u**2 - 6*u - 5. Calculate f(a).
3
Let v(q) be the first derivative of -2*q**3 + 9*q**2/2 - 3339. What is v(2)?
-6
Let a be ((-3)/(18/78))/(-1). Let r(h) = -5*h**3 + 7*h**2 - 7 - 13*h + 4*h**3 + a*h. What is r(7)?
-7
Let t(v) be the second derivative of v**3/6 + v**2 + 3134*v + 2. Let q(s) = -s**2 + 9*s - 6. Let o be q(8). What is t(o)?
4
Let f(u) be the first derivative of -u**4/4 + 2*u**3/3 + 2*u**2 - 2*u - 20. Suppose -4*y + 13 = -11. Suppose h - 9 = -y. Give f(h).
1
Let h = -11232 - -11258. Let v(x) be the third derivative of -7/3*x**3 + 0*x + 0 + 1/24*x**4 + h*x**2. What is v(7)?
-7
Let r(y) be the second derivative of -5*y**3/6 + 63*y**2/2 - 351*y - 1. What is r(8)?
23
Let h(p) = -3*p - 7. Let j(f) = 0 - 7 + 7 + 1. Let i(y) = h(y) + 6*j(y). Let q be (-19)/14*-2 - (-12)/42. What is i(q)?
-10
Let z(f) be the third derivative of -f**6/40 + f**5/20 - f**4/12 - 5*f**3/6 + 232*f**2 - 3*f - 2. Determine z(3).
-65
Suppose 30*t - 33*t + 3*c = 33, -2*t = -c + 16. Let k(n) = -n**2 - 9*n + 1. What is k(t)?
21
Let h = 59 - 61. Let l(r) be the first derivative of -3*r**2/2 - 5*r - 178. What is l(h)?
1
Let g(t) = -239*t + 111*t + 21 + 119*t. Determine g(8).
-51
Let v(t) be the first derivative of -7*t + 1/4*t**4 + 2*t**3 + 19 + 1/2*t**2. Let i = -7 - -2. Calculate v(i).
13
Let f be -2*11/66*(-3 - -21). Let c(a) = -8*a - 22. Calculate c(f).
26
Let w(n) = n - 8. Let s(i) = i + 8. Let c be s(-4). Suppose -v - c*h = 2, v - 4*h = -v - 4. Let j be (-7 + v)/(12/(-8)). What is w(j)?
-2
Let o(d) = 64*d + 250. Let p be o(-4). Let y(s) = -s**3 - s**2. Let a(v) = 7*v**3 + v**2 - v - 5. Suppose -4*u - 5 = u. Let i(c) = p*y(c) + u*a(c). Give i(5).
10
Let r = 56 - 53. Let d(q) = -15 - 2*q - q**3 - r*q - q**2 + q + 5*q. What is d(0)?
-15
Let z(f) be the second derivative of -f**4/4 + f**3 + f**2/2 - 10*f + 14. Let q(o) = 6*o**2 - 10*o - 1. Let c(b) = -3*q(b) - 5*z(b). Give c(-2).
-14
Let s(z) = -58582 - 58599 + 117189 - 81*z. Calculate s(-1).
89
Let y be 67854/7890 + (6/(-5))/(-3). Let s(a) = a**3 - 10*a**2 + 5*a - 2. What is s(y)?
-38
Let v = 450 - 650. Let s be (-2)/(v/(-24) + -8). Let b(f) = -f**3 - 6*f**2 + 2*f - 6. Calculate b(s).
-18
Let x(z) = -161*z**3 - 8*z**2 - 6*z**2 - 17 - 8*z + 11*z + 159*z**3. Calculate x(-7).
-38
Let c(r) = 4*r + 8. Let o(w) = 3*w - 46. Let g be o(15). Let u be 3 + -4 - g/(4/168). Suppose s = -47 + u. Calculate c(s).
-16
Suppose -105*h - 80 - 235 = 0. Let f(x) = -11*x + 21. What is f(h)?
54
Let y(d) = d**3 - 3*d**2 + d - 7. Let h = 11888 - 11884. Give y(h).
13
Let a = 33213 + -33215. Let h(j) = -15*j**2 + j + 2. Calculate h(a).
-60
Let v(p) = -p**3 - 4*p**2 - 5*p - 8. Suppose -5*d = -2*u + 11, 19*d - 17*d - 2 = 4*u. What is v(d)?
-2
Let b = -7 + 12. Suppose 0 = -g + b. Let d(s) be the second derivative of s**4/12 - s**3 + s + 293. Determine d(g).
-5
Suppose -o - 2 + 1 = 5*h, -3*o - 2*h - 16 = 0. Let n be o/((-23)/5 - -4). Suppose -16*b + n*b = -42. Let i(q) = -q**2 + 8*q + 3. Give i(b).
10
Suppose -5*v - 5*p + 119 = 124, -v - 2*p + 3 = 0. Let r(g) = g**3 + 5*g**2 - 4*g - 6. Determine r(v).
14
Let h be 3*((-68)/20 + (-12)/(-180)). Let p(d) = -d**2 - 23*d - 139. Determine p(h).
-9
Let c = 124 + -120. Let f(x) = c*x + 0*x - 6*x - 13. Det